2 + s. Let c(n) = -3*n**3 + 26*n**2 - 2*n - 1. Let b(t) = 4*c(t) + 11*z(t). Let h = -1299 - -1304. Determine b(h).
11
Let f(q) = q**2 + 8*q + 5 - 7 + 11. Suppose -2*r - 9 = -5*r + 3*u, 2*r = -3*u - 9. Suppose -3*a + 0*d - d - 26 = r, -10 = 2*d. Calculate f(a).
2
Let j(m) = -m**2 - 22*m + 19. Let d = 735 - 757. What is j(d)?
19
Let t = -4522 - -4524. Let d(q) be the second derivative of q**5/10 - q**4/6 - q**3/2 + 3*q**2/2 + q. What is d(t)?
5
Suppose 16 = -z - 0*t + 3*t, z + 5*t - 16 = 0. Let x(a) = -a**3 - 5*a**2 - 5*a - 3. Calculate x(z).
1
Suppose 55*p = 52*p + 21. Let j(q) be the third derivative of q**5/60 - q**4/3 - q**3/6 - 4*q**2. What is j(p)?
-8
Let z(p) be the second derivative of -p**5/20 - 7*p**4/12 - 3*p**2/2 + 141*p + 2. Determine z(-7).
-3
Let x(o) = o**3 - 4*o**2 - 6*o - 1. Let k(t) = t**3 - 3*t**2 - 5*t - 1. Suppose 3 = a - 1. Let y(q) = a*x(q) - 5*k(q). Give y(-3).
16
Suppose q = 5*q. Let b = -4 - -6. Let t(y) = -4 - 2*y - y**b - 8*y + 11*y - y**3. What is t(q)?
-4
Let m(p) be the first derivative of -p**4/2 + 5*p**3/3 + p**2/2 + p - 22. Let q be m(3). Let t(v) = -v**2 - 7*v - 7. Determine t(q).
3
Let q(o) = -o**2 - 3*o - 2. Let i be q(-4). Let c(k) = -k + 11. Let g be c(8). Let x(d) = d**g - 3*d**2 - 2*d**2 + 5*d**2 - 8 + 7*d**2 + 4*d. Calculate x(i).
4
Let c(a) = 2*a + 3 - 2*a**2 - 1 + 0. Suppose -4*h = 6*m - 3*m + 19, -4*m - 4*h = 20. Let s(o) = -o**3 + 2*o**2 + 2*o + 1. Let i be s(m). What is c(i)?
-2
Let m = -132 - -137. Let d(h) = -7*h + 28. Calculate d(m).
-7
Let r(i) = 205*i + 204*i - 7 + i**3 - 412*i - 2*i**2. Determine r(4).
13
Let k be (-100)/8 + 8 + -1 + 6. Let g(q) be the second derivative of 0*q**3 - q + 0 + 9/20*q**5 - k*q**2 + 1/12*q**4. What is g(1)?
9
Let o(q) = -14*q + q**2 + 25*q - 2*q**2 - 17*q + 3 + 3. Give o(-6).
6
Let a(p) = p**3 - 6*p**2 + 6*p - 11. Let b(f) = -2*f**3 + 13*f**2 - 13*f + 23. Let t(u) = -13*a(u) - 6*b(u). Suppose 0 = -14*z + 20*z. What is t(z)?
5
Suppose 18*j - o - 7 = 14*j, 4*j - 4*o + 8 = 0. Let c(s) = s**3 - 4*s**2 + 3*s + 2. Determine c(j).
2
Let p = -1 - -1. Let b(d) = 29*d + 6. Let q(s) = -22*s - 5. Let j(o) = -3*b(o) - 4*q(o). Give j(p).
2
Let h(w) = -2*w - 13. Let p be h(7). Let q = p + 24. Let f(c) = -c**2 + 2. Determine f(q).
-7
Let f(y) be the third derivative of y**5/60 + y**4/3 - y**3 - y**2. Let t = -5046 - -5038. Calculate f(t).
-6
Let b(g) be the second derivative of 2*g**4/3 - g**3/6 + g**2/2 + g. Suppose -7*f + 13 = 6. Give b(f).
8
Let i(d) be the third derivative of -d**6/720 - d**5/60 - d**4/8 + d**3/2 + d**2 + 5. Let z(p) be the second derivative of i(p). Determine z(-4).
2
Let v = -1534 + 1539. Let l(r) = r**3 - 2*r**2 - 6*r - 6. What is l(v)?
39
Let o = -45 + 39. Let z = -4 - -10. Let r(c) = -5*c**2 - 6 + 0*c**3 + 5*c - z*c**3 + 5*c**3. Determine r(o).
0
Suppose 0 = 4*g - g + 24. Let d be g/10*140/(-56). Let q(m) = m**3 + m**2 + 2*m - 2. What is q(d)?
14
Let r(l) = 14*l**2 - 3*l + 9. Let c(w) = -w**2 + w - 2. Let y(g) = -4*c(g) - r(g). Give y(-1).
-10
Let s(g) = 6*g**3 + 9*g**2 + 11*g + 30. Let q(m) = -m**3 - 2*m**2 - 2*m - 6. Let k(x) = -11*q(x) - 2*s(x). What is k(4)?
6
Let x(p) = -p**2 + 5*p + 10. Let u = -7 + 11. Suppose u*q - 23 = 5*d, -q - 2*d = 2*d - 11. Determine x(q).
-4
Let a be (-1)/17 - (-675)/(-85). Let x(y) be the third derivative of -y**5/60 - y**4/4 + 3*y**3/2 - y**2. Determine x(a).
-7
Let n(s) = -s + 10. Suppose 0*v + 4*v + l + 24 = 0, 6 = -v - 5*l. Calculate n(v).
16
Let h(z) = z**2 - 9*z + 8. Let k be (-86)/(-6) + (-60)/18 + 3. Suppose 0 = 2*l - 4*b + 4, 0*l = -l + 5*b - k. Determine h(l).
-10
Let y(q) = -2*q**3 - 5*q**2 - 2*q + 1. Let b = -51 + 49. Let h(g) = -3*g - 9. Let x be h(b). Calculate y(x).
16
Let h be (4/8)/(23/(-276)). Let j(y) = -4*y - 27. Determine j(h).
-3
Suppose -6*r = -31 + 7. Let d(h) = r*h - h - 3*h + 7*h**2 - h**3 - 3 + 8*h. Calculate d(8).
-3
Let i(n) be the third derivative of 5*n**4/12 + n**3/3 + 72*n**2. Determine i(-1).
-8
Let m(k) = k**3 + 2*k**2 - k - 2. Let u(h) = -h**2 - h + 1. Let c(x) = m(x) - 5*u(x). Let d = -1268 + 1262. What is c(d)?
5
Let p(k) = 21 + 20 - 37 - k. Determine p(-9).
13
Let p(z) = -451*z - 5 - 448*z - 4 - 443*z + 1341*z. Let q be (5/(-3))/(1/3). Calculate p(q).
-4
Let g be (4 - 36/8)*10. Let n(w) = 4*w**2 - 3*w - 12. Let l(f) = 3*f**2 - 4*f - 11. Let i(d) = g*l(d) + 4*n(d). Determine i(-6).
-5
Suppose -39*j + 40*j - 2*u = 6, -3*j - 2*u + 50 = 0. Let r(b) = b**2 - 13*b - 7. Give r(j).
7
Let y(g) = 5*g + 6 - 7*g**2 - 13*g + 8*g + 5*g + g**3. Let c be -1 - 1 - (-1 - 7). Calculate y(c).
0
Let t(z) be the second derivative of -z**5/20 - z**4/6 - z**3/3 - z**2 + 26*z + 2. Suppose r + 14 = -4*v, -5*r + 2*v = -0*r + 4. What is t(r)?
2
Let w(o) = -137*o + 18. Let u(t) = -75*t + 8. Let j(k) = -11*u(k) + 6*w(k). Calculate j(-6).
2
Let f(m) = 4*m - 1 - 4*m**2 - m**3 + m**2 - 3*m**2 - 1 - 2. What is f(-6)?
-28
Let p = -2 + -2. Let a(r) be the second derivative of r**3 + r**2 + 1/12*r**4 + 0 - 10*r. Calculate a(p).
-6
Let n(q) = 3*q + 9. Let f(j) = -j**2 + 8*j - 12. Let r be f(7). What is n(r)?
-6
Let g(k) = k**3 + 3*k**2 + 15*k. Let d(t) = -t**2 + t. Let b(p) = -6*d(p) + g(p). Calculate b(-8).
-8
Let u(x) = 4*x**2 + 3*x + 1. Let n(c) = 3*c**2 + 2*c + 1. Let m(z) = 5*n(z) - 4*u(z). What is m(-2)?
1
Let h(p) be the second derivative of p**2 + 1/20*p**5 + 0 + 1/3*p**3 + 27*p - 1/6*p**4. Give h(2).
6
Let n(k) = k**3 + 6*k**2 - 4*k + 8. Let x(t) = -2*t**3 - 10*t**2 - 3*t + 13. Let p be x(-4). Calculate n(p).
-13
Suppose 5 = 2*h - 3*h. Let k(u) = 18644*u - 9322*u - 9317*u - 1. What is k(h)?
-26
Let f(j) = 3*j + 8. Suppose 0 = -3*t - 37 + 22. Let c(u) = 2*u - u + 0 + 1. Let k(y) = t*c(y) + f(y). What is k(-3)?
9
Let w(d) = -2*d**3 - d**2 - d + 1. Let x(o) = -3*o**3 - 9*o**2 - o + 7. Let y(j) = -w(j) + x(j). Let f be (-3)/(4/(96/9)). Give y(f).
6
Let q(w) be the second derivative of 2*w**3 - w**2/2 - 229*w. Calculate q(3).
35
Let z(y) = 2*y**3 + 2*y**2 + 3. Let i(s) = -20*s - 282. Let t be i(-14). What is z(t)?
-5
Let p(o) be the second derivative of o**5/40 + o**4/4 - o**3/6 + o. Let d(j) be the second derivative of p(j). Let t be (24/15)/((-14)/35). Give d(t).
-6
Let j(l) = l**3 + 12*l**2 - 10*l + 11. Let o(r) = -r**2 - 19*r + 29. Let f be o(-21). What is j(f)?
-28
Let w(t) = t**2 + 5*t - 1. Let c(i) = 5*i + 19. Let s = 33 - 38. Let o be c(s). Calculate w(o).
5
Let s = 16 - 14. Suppose 2*u = -s*u. Let t(d) = 11 - d**3 - d**2 - 5 + 2*d**2 + d - 8. Calculate t(u).
-2
Let b be (-1 + 5)/(8/6). Suppose -5*y = -4*y - b*n + 1, y - 3 = n. Let p(h) = 26 + 6*h + 5*h**2 - 32 - h**3 - h**2. Give p(y).
-1
Let f(s) be the first derivative of -s**4/4 + s**3/3 + s**2/2 - s - 214. Give f(0).
-1
Let x(r) = 7*r - 13. Let s = 1505 + -1496. Determine x(s).
50
Let v = -14 + 5. Let r be 6/(-4)*3*8/v. Let n(f) = -f + 5. Determine n(r).
1
Let y = 7 - 3. Suppose 3*v - 2*m = -1, 0 = -y*v + m - 4 - 4. Let p(w) = -w + 1. Let x(f) = 2*f. Let h(j) = -3*p(j) - x(j). What is h(v)?
-6
Suppose -2*n = s - 14, -11 = 5*n - s - 53. Let v(g) be the first derivative of -g**3/3 + 7*g**2/2 + g + 132. Calculate v(n).
-7
Let z(y) = 14*y**2 - 15*y - 22. Let u(n) = 3*n**2 - 4*n - 5. Let x(s) = -9*u(s) + 2*z(s). What is x(-4)?
-7
Let i(k) be the second derivative of 5*k**3 - 3*k. Give i(-1).
-30
Let f(t) be the second derivative of -t**6/360 + t**5/40 - 2*t**3 + 7*t. Let d(c) be the second derivative of f(c). What is d(3)?
0
Let j(d) = 3*d - 2. Let v be j(2). Let t(s) = 10 + v*s - 3*s + 0*s - 2*s. Suppose r + 2*g = -0*g - 8, -2*r - 5*g = 20. Give t(r).
10
Let z(s) = s**3 + 3*s**2 + 5*s + 5. Let v(r) = -r**2 + r + 1. Let b(y) = 2*v(y) - z(y). What is b(-4)?
-7
Let a(h) = -3*h - 1 + 4 + h**2 + 9*h. Let f be a(-6). Let z(w) = -2 - w - 1 - f. Give z(0).
-6
Let b be (-3)/9 - 17/3. Let t(d) be the third derivative of -56*d**2 + 3/2*d**3 + 0*d + 1/6*d**4 + 0. Give t(b).
-15
Let s = 85 - 39. Let o = 48 - s. Let y(b) = -2*b**2 + 1. What is y(o)?
-7
Let j(m) be the first derivative of m**4/4 + 7*m**3/3 + m + 499. Calculate j(-7).
1
Suppose -t + 2*f = 0, -5*t + 0*t + 2*f = -8. Let w(c) = -1 + t*c**2 - 4 + 0 + 4*c - 3*c**2. Give w(4).
-5
Suppose 2*c + 2*g = 7*g - 6, 0 = 4*c - 3*g - 2. Suppose c*l - 30 = -2*a - a, l - 14 = -2*a. Suppose -l = 3*o - 0*o. Let k(d) = d + 8